Is 982453 composite?
False
Is 456947 prime?
False
Is 76943 composite?
False
Is 1259 a composite number?
False
Is 9921 prime?
False
Is 40141 a composite number?
True
Is 1705537 prime?
False
Is 15809 prime?
True
Is 228529 prime?
False
Is 288413 a prime number?
True
Is 1349 prime?
False
Is 17377 a composite number?
False
Is 25567 prime?
False
Is 16603 a prime number?
True
Is 230719 a prime number?
True
Is 25363 prime?
False
Is 43573 prime?
True
Is 36061 a prime number?
True
Is 612163 a composite number?
True
Is 52261 a prime number?
False
Is 19537 a composite number?
True
Is 464587 a composite number?
False
Is 380983 prime?
True
Is 3587 prime?
False
Is 236939 composite?
True
Is 22299 prime?
False
Is 245407 composite?
False
Is 16671 composite?
True
Is 160709 prime?
True
Is 185043 prime?
False
Is 6953 a composite number?
True
Is 1049 a composite number?
False
Is 58447 a prime number?
False
Is 1409 prime?
True
Is 260159 a composite number?
True
Is 1595483 prime?
True
Is 52517 composite?
False
Is 330622 a composite number?
True
Is 2115571 a prime number?
True
Is 540509 a prime number?
True
Is 341633 prime?
False
Is 67723 a prime number?
True
Is 16733 a composite number?
True
Is 20267 a composite number?
True
Is 12071 prime?
True
Is 41281 a composite number?
False
Is 35833 a prime number?
False
Is 74003 a composite number?
True
Is 715777 prime?
True
Is 29287 a prime number?
True
Is 22357 a prime number?
False
Is 183283 a composite number?
False
Is 18113 prime?
False
Is 112886 a prime number?
False
Is 4621 prime?
True
Is 131667 composite?
True
Is 162593 prime?
True
Is 1260989 a composite number?
False
Is 230177 composite?
True
Is 2609 prime?
True
Is 633359 prime?
True
Is 5461 a composite number?
True
Is 3754 composite?
True
Is 513631 composite?
False
Is 53323 prime?
True
Is 100277 composite?
True
Is 17447 composite?
True
Is 329863 composite?
False
Is 21473 a prime number?
False
Is 31877 a composite number?
True
Is 58759 a prime number?
False
Is 3941807 prime?
False
Is 233509 a composite number?
False
Is 26179 a prime number?
False
Is 53503 composite?
False
Is 54347 composite?
False
Is 17287 a prime number?
False
Is 1055195 composite?
True
Is 8501 prime?
True
Is 303047 a prime number?
False
Is 216289 a composite number?
False
Is 942691 composite?
False
Is 38167 prime?
True
Is 2743 a composite number?
True
Is 227015 a prime number?
False
Is 202 a composite number?
True
Is 27929 a prime number?
False
Is 226691 a composite number?
False
Is 135773 a prime number?
False
Is 5079 composite?
True
Is 39313 prime?
True
Is 451859 prime?
True
Is 7279 a prime number?
False
Is 1053361 composite?
False
Is 28247 a prime number?
False
Is 36893 composite?
True
Is 31373 prime?
False
Is 4783 composite?
False
Is 56591 prime?
True
Is 12451 a composite number?
False
Is 35671 composite?
False
Is 7663 prime?
False
Is 1256095 composite?
True
Is 31531 a composite number?
False
Is 89151 composite?
True
Is 197339 composite?
False
Is 65294 composite?
True
Is 32199 a composite number?
True
Is 27497 composite?
True
Is 343789 prime?
False
Is 47473 a composite number?
True
Is 10405 a prime number?
False
Is 20423 a prime number?
False
Is 50035 a prime number?
False
Is 493 composite?
True
Is 907 a prime number?
True
Is 10207 composite?
True
Is 144961 a composite number?
False
Is 900061 a prime number?
True
Is 382517 prime?
False
Is 3791 a prime number?
False
Is 2743 a composite number?
True
Is 291929 composite?
True
Is 5623 composite?
False
Is 2429 prime?
False
Is 1554107 prime?
True
Is 93565 prime?
False
Is 61003 a composite number?
True
Is 1171 a composite number?
False
Is 22235 prime?
False
Is 26689 a composite number?
True
Is 7789 composite?
False
Is 455033 prime?
True
Is 176369 a composite number?
False
Is 907831 prime?
True
Is 73579 composite?
True
Is 41497 composite?
True
Is 56707 composite?
True
Is 397799 a composite number?
False
Is 1513 composite?
True
Is 30497 composite?
False
Is 433747 composite?
False
Is 481979 a prime number?
False
Is 73257 a prime number?
False
Is 29893 composite?
True
Is 4219 a prime number?
True
Is 36493 a prime number?
True
Is 1229 prime?
True
Is 16673 composite?
False
Is 404554 a prime number?
False
Is 328117 prime?
False
Is 1969 prime?
False
Is 117101 a prime number?
True
Is 888253 a composite number?
True
Is 419921 composite?
False
Is 2059966 a prime number?
False
Is 147351 composite?
True
Is 2167 composite?
True
Is 1861 a prime number?
True
Is 1401407 composite?
True
Is 79277 composite?
True
Is 254489 prime?
True
Is 253057 composite?
True
Is 1641 a composite number?
True
Is 72515 a prime number?
False
Is 297133 a prime number?
True
Is 4889 a prime number?
True
Is 46847 prime?
False
Is 213718 composite?
True
Is 198553 composite?
False
Is 877 a prime number?
True
Is 500737 composite?
True
Is 118819 a composite number?
False
Is 56387 prime?
False
Is 50689 a composite number?
True
Is 1319 a composite number?
False
Is 65883 a prime number?
False
Is 11099 a composite number?
True
Is 13577 prime?
True
Is 830269 a prime number?
False
Is 30533 prime?
False
Is 13367 composite?
False
Is 82139 composite?
False
Is 67909 composite?
True
Is 9311 a prime number?
True
Is 32863 prime?
False
Is 2531 a prime number?
True
Is 6385 prime?
False
Is 586567 prime?
True
Is 389638 a composite number?
True
Is 577957 a prime number?
True
Is 14633 prime?
True
Is 517211 a prime number?
True
Is 224069 a prime number?
True
Is 282709 a prime number?
False
Is 294523 a prime number?
True
Is 90227 composite?
False
Is 1118909 a prime number?
False
Is 62357 composite?
True
Is 5557 a composite number?
False
Is 12323 composite?
False
Is 1513891 a prime number?
True
Is 1392295 composite?
True
Is 220511 prime?
True
Is 220217 prime?
True
Is 2953 prime?
True
Is 47973 a composite number?
True
Is 749599 composite?
True
Is 184111 a prime number?
True
Is 57089 composite?
False
Is 162205 prime?
False
Is 14513 a composite number?
True
Is 3271119 a prime number?
False
Is 11269 prime?
False
Is 7121 a composite number?
False
Is 321338 a prime number?
False
Is 52279 a composite number?
True
Is 1969343 a prime number?
True
Is 8641 prime?
True
Is 53653 composite?
False
Is 1314857 a prime number?
False
Is 10727 prime?
False
Is 101037 a composite number?
True
Is 13411 prime?
True
Is 25511 a prime number?
False
Is 308209 composite?
True
Is 361763 prime?
True
Is 12247 a composite number?
True
Is 98081 composite?
False
Is 9587 prime?
True
Is 799999 a composite number?
False
Is 155 a prime number?
False
Is 7097 composite?
True
Is 140095 a composite number?
True
Is 100621 a prime number?
True
Is 3259 a composite number?
False
Is 13971 a composite number?
True
Is 47935 a composite number?
True
Is 4317 a prime number?
False
Is 9379 a prime number?
False
Is 29861 a composite number?
True
Is 11467 prime?
True
Is 4188653 a prime number?
False
Is 7867 a prime number?
True
Is 277157 a composite number?
False
Is 691267 prime?
True
Is 2727713 composite?
False
Is 51853 prime?
True
Is 17657 prime?
True
Is 119347 prime?
False
Is 844699 composite?
True
Is 37419 a composite number?
True
Is 5581 composite?
False
Is 24937 a prime number?
False
Is 59557 prime?
True
Is 12262 a prime number?
False
Is 94219 composite?
False
Is 96079 a composite number?
False
Is 129449 prime?
True
Is 1637 a prime number?
True
Is 154981 prime?
True
Is 56081 composite?
False
Is 3339119 composite?
True
Is 956963 a prime number?
False
Is 1637 a composite number?
False
Is 8209 a composite number?
False
Is 103319 a prime number?
True
Is 116993 a prime number?
True
Is 53471 prime?
False
Is 7261 composite?
True
Is 1183309 a composite number?
True
Is 189271 prime?
True
Is 384467 a prime number?
False
Is 899131 prime?
False
Is 1591 a composite number?
True
Is 5951 composite?
True
Is 23007 a prime number?
False
Is 656221 a prime number?
True
Is 3371 a prime number?
True
Is 5435 a prime number?
False
Is 98387 a composite number?
False
Is 214919 prime?
False
Is 17417 composite?
False
Is 128387 composite?
True
Is 5435 a prime number?
False
Is 17021 prime?
True
Is 555763 composite?
True
Is 27791 a composite number?
False
Is 35521 a composite number?
False
Is 2066 a prime number?
False
Is 4327 composite?
False
Is 81745 prime?
False
Is 35357 prime?
False
Is 5951 